46 + y. List the prime factors of u.
2, 5
Let h be (-25)/(-7) + 6/14. Suppose h = -3*v + 5*v. Suppose v*d + x - 19 = -d, -2*d - 5*x = -4. What are the prime factors of d?
7
Suppose -r + 0 + 1 = 0. Suppose -5*w = -5*a - 35, -a = 4*w - 9 + r. Let f(o) = 3*o**2 - 4. List the prime factors of f(a).
2, 11
Let t = 24 + -46. Let a be (t/4)/((-4)/24). Suppose 3*w = s - 4*s + a, 0 = -5*s + 5. What are the prime factors of w?
2, 5
Suppose 4*f = 5*l - 16, -4*l - 4 = 4*f + 12. Suppose l = -4*n + n + 216. List the prime factors of n.
2, 3
Suppose 0 = d - 4, 2*d + 0*d = q + 11. What are the prime factors of (-1 - q)*((-30)/(-4) - 2)?
11
Let t(i) = -i**3 + i. Let r(g) = -2*g**3 + 2*g - 1. Let l(n) = -r(n) + 4*t(n). Let f be l(-2). Let d = 32 - f. List the prime factors of d.
19
Suppose m = -2*u + 308, m + 2*u + 892 = 4*m. Suppose f = -4*f + m. List the prime factors of f.
2, 3, 5
Let u be ((-4)/5)/(4/(-1310)). Let s = -162 + u. What are the prime factors of s?
2, 5
Suppose -3*r = -r - 222. Suppose f - 30 = -j - 3*j, 5*j = -3*f + r. List the prime factors of f.
2, 3, 7
Let m(x) be the third derivative of x**5/30 - x**4/3 + 3*x**3/2 + 4*x**2. Let j = 29 + -23. List the prime factors of m(j).
3, 11
Let v = 970 + -676. What are the prime factors of v?
2, 3, 7
List the prime factors of (-12)/8*(-1334)/3 - 4.
3, 13, 17
Let z = -15 - -21. Let r be (1 + (-4)/12)*z. Suppose 0 = 5*k - r*k - 44. What are the prime factors of k?
2, 11
Suppose -5*m + 8638 = -4*n, -3*n + 4*n - 1733 = -m. What are the prime factors of m?
2, 5, 173
Suppose 0 = 5*p + 5, 3*f = -p + 9 - 1. Let u be 0/(4/(-2))*-1. List the prime factors of 0 - (u - 48)/f.
2
Let t = 15 + -13. What are the prime factors of (-4)/4 + t + 118?
7, 17
Let s(c) be the second derivative of c**2/2 - 3*c. Let g(d) = 3*d - 3. Let v(p) = -g(p) - 4*s(p). What are the prime factors of v(-4)?
11
Let i be (5 + -2)/(45/780). Suppose -3 + i = z. List the prime factors of z.
7
Let g be (-4)/(3/9*-3). Suppose 0 = -g*x + 2 + 226. What are the prime factors of x?
3, 19
Let v(t) = -t**3 - 16*t**2 + 8*t - 41. List the prime factors of v(-19).
2, 5, 89
Let n(g) = -2*g - 6. Let r be n(-4). Suppose 3*a + 4*l - 189 = 2*a, 0 = -a + r*l + 159. List the prime factors of a.
13
Let f be (-19)/(-5) - 3/(-15). Let w be 48/9 - f/12. Suppose -157 = -w*p + z, 0*p - 3*z - 119 = -4*p. What are the prime factors of p?
2
Let d = -59 - -61. Suppose -3*m - 202 = -5*m - d*k, 5*m - 550 = 4*k. What are the prime factors of m?
2, 53
Suppose -8638 - 3262 = -17*j. List the prime factors of j.
2, 5, 7
Let i be 2*-12*(-2)/4. Suppose i = 4*v - 8. Suppose z - 16 = 3*g + g, -v*g = z - 34. List the prime factors of z.
2, 3
Let i(k) = 0*k**2 + 2*k - 2*k**2 + 5*k**2 + 0*k + 1. Suppose 4*n + b = -15, 3*b + 12 = -b. What are the prime factors of i(n)?
2, 11
Let u = -1272 - -2236. What are the prime factors of u?
2, 241
Let r(n) be the first derivative of 13*n**3/3 + 5*n**2 + 12*n - 28. List the prime factors of r(-4).
2, 3, 5
Let x be ((2 - 1)/(-2))/(10/80). What are the prime factors of (-62 + 4)/(2/x)?
2, 29
Suppose -44*u + 4808 = -196624. What are the prime factors of u?
2, 3, 7, 109
Let j(r) = r**3 + 8*r**2 - 9*r + 8. Let t be j(-9). Let g(d) = d**2 + 2*d + 2*d + d**2 - 1 + t. List the prime factors of g(-5).
37
Suppose 3*x = 5*x + 64. Let q be (2 - x - 3)*1. Let r = q + -14. What are the prime factors of r?
17
Let p(k) = 3*k - 39. Let m be p(19). Suppose -m*i + 1326 = -5*i. List the prime factors of i.
2, 3, 17
Let q be (-186)/(-4) + ((-49)/(-14) - 4). Suppose q*j - 410 = 41*j. List the prime factors of j.
2, 41
Let c = -35 + 53. Suppose 3*x - 3*i = -c, 8 + 15 = -4*x + 3*i. List the prime factors of (-157)/x - (-2)/(-5).
31
Suppose 0 = 2*a - 3*v + 4*v + 27, v = 4*a + 45. List the prime factors of 72/a*(-1)/2*73.
3, 73
Let k = -9 - -34. Suppose -5*m + 4*o = 47, 4*o - k = 2*m + 1. Let x(z) = z**3 + 7*z**2 - z + 1. What are the prime factors of x(m)?
2
Let o(d) = -d**3 + 15*d**2 - 8. Let v be o(15). Let h be 4/(-4 - v) + 0. Let r = h + 26. List the prime factors of r.
3
Suppose q + 4*q - 2051 = -2*f, f - 5*q - 1048 = 0. List the prime factors of f.
1033
Let b = -132 - -234. Suppose -4*v + 4*y + b = -182, -77 = -v - 2*y. List the prime factors of v.
73
Let h = 1 + -4. Let f(l) = 10*l**2 + 7*l - 1. What are the prime factors of f(h)?
2, 17
Let n = 51 - 15. List the prime factors of n - (-2 - (-2 - 1)).
5, 7
Let o(b) = 2*b + 5. Let d be o(-6). Suppose -5*l - 3*x = 9, 2*l - 2*x - 6 = -2*l. List the prime factors of -3 - l - 105/d.
2, 3
List the prime factors of 1*-7 + (1045 - -3).
3, 347
List the prime factors of (-38 + -7)/9 - -3190.
5, 7, 13
Let w = 168 + -426. Let t = w + 394. What are the prime factors of t?
2, 17
What are the prime factors of (-6)/9*12795/(-10) - 1?
2, 3, 71
Let b(z) = 16*z**3 + 6*z - 6. Let v be b(3). List the prime factors of v/2*17/51.
2, 37
Let j = 16 + -12. Suppose -4*u = -3*c + 137, j*c + 0*c = -u + 208. List the prime factors of c.
3, 17
Suppose 2*o + 88 = -4. Let z be o/((-10)/(-6) - 1). Let f = -22 - z. What are the prime factors of f?
47
Let u(n) = 161*n - 472. List the prime factors of u(19).
13, 199
Suppose -5*c - 14 = -6*c. Suppose -12 = c*m - 16*m. What are the prime factors of (m*13)/1*1?
2, 3, 13
Let k(n) = -8*n**2 - 7 - 8 + 7 + n**3 + 13*n. Let j be k(6). What are the prime factors of j/(-5) - (-54)/15?
2
Let w(m) = 3*m + 7*m + 0*m + 6*m + 7. What are the prime factors of w(4)?
71
What are the prime factors of (92/10)/((3/(-145))/(-3))?
2, 23, 29
Let b be 1/(-3)*(12 - 21). Let y be 3/((-12)/(-124)) + b. Suppose 3*n = 3*l - 72, n + 4*n = -2*l + y. List the prime factors of l.
2, 11
Suppose o - 3 = 4*o - 3*v, -5*o - 2*v = 5. Let j(b) = -2*b**3 - 1 + 2 - 32*b**3. List the prime factors of j(o).
5, 7
Let k(j) = 2*j + 0 + 10*j**2 + 4*j**2 - 3 + 4. List the prime factors of k(4).
233
Let j = -6 + 6. Suppose t + 130 = 2*i + 5*t, 5*i - 2*t - 277 = j. Suppose i - 149 = -4*p. What are the prime factors of p?
23
Let f = 2716 + -1600. What are the prime factors of f?
2, 3, 31
Suppose 0*l = -79*l + 126163. List the prime factors of l.
1597
Suppose -4*c + 8*c + 56 = 0. What are the prime factors of (-1732)/c - 7/(196/(-8))?
2, 31
List the prime factors of ((-3)/(-1))/(66/4180).
2, 5, 19
Suppose 5019 = 8*i - 2661. What are the prime factors of i?
2, 3, 5
Let u be 8/4*(-6 - -1). Let i be (16/(-20))/(4/u). Suppose 16 = 2*m - 2*d, 0 = i*d + d + 12. What are the prime factors of m?
2
Let z(a) = 16*a**2 + 12*a - 49. List the prime factors of z(5).
3, 137
What are the prime factors of 4/(-14)*127302/(-84)?
433
Suppose 2*p - 163 - 19 = 0. Let o(u) = 3*u - 2. Let c be o(2). Suppose c*d - p = -3. What are the prime factors of d?
2, 11
Let a be (-4)/26 - 513/(-39). Suppose -a = 2*s - 79. List the prime factors of s.
3, 11
Suppose 0*y - 4*y + 152 = 0. Suppose 0 = 5*w + 3*c + y, 4*w + 83 = 5*c + 23. List the prime factors of (16/(-20))/(2/w).
2
Suppose -2*h - 4 = 4*t, -t + 4*t = -3. Suppose -5*m - 5*y + 135 = h, m - 4*m = -3*y - 51. List the prime factors of m.
2, 11
Let v = -62 - -91. Let x = 128 - v. What are the prime factors of x?
3, 11
Let n = -196 - -304. Let a = n - 65. What are the prime factors of a?
43
Suppose -i - i = -2*r + 6, 4*i - 23 = -3*r. Suppose -g + 2*d = 3*g + 6, 0 = -3*g + i*d - 2. What are the prime factors of 48 - (g + 9 + -4)?
47
Let g = -3152 + 4534. List the prime factors of g.
2, 691
Let g = 89 + -179. Let c = g + 100. What are the prime factors of c?
2, 5
Suppose -3*f - 15 = 0, -11*f + 305 = 5*q - 8*f. List the prime factors of q.
2
What are the prime factors of 8/(((-2)/185)/(120/(-75)))?
2, 37
Let t(z) = 16*z**2 + 8*z - 22. What are the prime factors of t(4)?
2, 7, 19
Suppose -3*g + 73 = -5*i + 19, g + i - 26 = 0. Suppose 0 = -25*v + g*v + 114. List the prime factors of v.
3, 19
Suppose 2*x = 9*x - 308. Suppose -7*y = -9*y + x. What are the prime factors of y?
2, 11
Suppose 0 = 4*g - 4*t - 16, 13 = 8*g - 4*g - t. Suppose -2*b = 3*c - 4*c + 156, 0 = -g*b + 12. List the prime factors of c.
2, 41
Let q = 301 - 20. Suppose -3*o + 4*r = -217, -4*o - 11*r + q = -8*r. What are the prime factors of o?
71
Suppose 3*t - 126 - 12 = 0. Let d = t + -25. Let c = d + -12. What are the prime factors of c?
3
Let a(x) = -7*x**3 + 2*x**2 + 4*x +